divided by 363.
211
What is the remainder when 1387 is divided by 630?
127
Calculate the remainder when 2505 is divided by 200.
105
Calculate the remainder when 477520 is divided by 27.
25
What is the remainder when 5422 is divided by 94?
64
What is the remainder when 600065 is divided by 889?
879
What is the remainder when 2858 is divided by 79?
14
What is the remainder when 36886 is divided by 4097?
13
What is the remainder when 6433 is divided by 463?
414
Calculate the remainder when 9268 is divided by 175.
168
Calculate the remainder when 808 is divided by 120.
88
What is the remainder when 1030 is divided by 843?
187
What is the remainder when 238242 is divided by 37?
36
What is the remainder when 3305 is divided by 3271?
34
Calculate the remainder when 72752 is divided by 516.
512
Calculate the remainder when 172 is divided by 24.
4
What is the remainder when 2760962 is divided by 118?
116
What is the remainder when 32428 is divided by 5?
3
Calculate the remainder when 215523 is divided by 17.
14
What is the remainder when 3395521 is divided by 22?
19
What is the remainder when 5346 is divided by 1164?
690
Calculate the remainder when 24895 is divided by 4977.
10
Calculate the remainder when 25906 is divided by 4316.
10
Calculate the remainder when 44534 is divided by 86.
72
What is the remainder when 7531 is divided by 40?
11
Calculate the remainder when 31038 is divided by 10343.
9
Calculate the remainder when 693 is divided by 53.
4
Calculate the remainder when 48322 is divided by 166.
16
Calculate the remainder when 24569 is divided by 42.
41
What is the remainder when 82446 is divided by 27449?
99
Calculate the remainder when 106971 is divided by 7.
4
What is the remainder when 7094 is divided by 2066?
896
Calculate the remainder when 32118 is divided by 9911.
2385
What is the remainder when 675 is divided by 40?
35
Calculate the remainder when 43498 is divided by 1087.
18
Calculate the remainder when 585559 is divided by 19.
17
What is the remainder when 137103 is divided by 44?
43
Calculate the remainder when 2766 is divided by 139.
125
Calculate the remainder when 5284 is divided by 2157.
970
Calculate the remainder when 8950 is divided by 8893.
57
Calculate the remainder when 213680 is divided by 4645.
10
Calculate the remainder when 17132 is divided by 3425.
7
What is the remainder when 16109 is divided by 322?
9
What is the remainder when 116839 is divided by 268?
259
Calculate the remainder when 13753 is divided by 340.
153
Calculate the remainder when 163058 is divided by 916.
10
Calculate the remainder when 229 is divided by 43.
14
Calculate the remainder when 10868 is divided by 598.
104
What is the remainder when 34626 is divided by 89?
5
Calculate the remainder when 16523 is divided by 973.
955
What is the remainder when 43423 is divided by 1157?
614
What is the remainder when 8110 is divided by 65?
50
What is the remainder when 15427 is divided by 368?
339
What is the remainder when 1413715 is divided by 1122?
1117
What is the remainder when 200071 is divided by 217?
214
Calculate the remainder when 741121 is divided by 7969.
4
Calculate the remainder when 3189 is divided by 22.
21
What is the remainder when 17664 is divided by 204?
120
What is the remainder when 3008 is divided by 227?
57
What is the remainder when 12331 is divided by 201?
70
Calculate the remainder when 10970 is divided by 1567.
1
What is the remainder when 3970 is divided by 332?
318
What is the remainder when 13065 is divided by 35?
10
Calculate the remainder when 1774 is divided by 66.
58
What is the remainder when 2641 is divided by 2581?
60
Calculate the remainder when 15620 is divided by 125.
120
Calculate the remainder when 20951 is divided by 32.
23
Calculate the remainder when 597 is divided by 54.
3
Calculate the remainder when 828758 is divided by 481.
476
Calculate the remainder when 46646 is divided by 15241.
923
What is the remainder when 13216 is divided by 104?
8
What is the remainder when 6922 is divided by 63?
55
What is the remainder when 599141 is divided by 104?
101
What is the remainder when 590 is divided by 584?
6
What is the remainder when 30663 is divided by 3060?
63
What is the remainder when 14944 is divided by 3659?
308
What is the remainder when 890174 is divided by 83?
82
What is the remainder when 142117 is divided by 7?
3
Calculate the remainder when 2313 is divided by 382.
21
What is the remainder when 1716 is divided by 38?
6
What is the remainder when 2155 is divided by 22?
21
Calculate the remainder when 29731 is divided by 63.
58
Calculate the remainder when 575140 is divided by 143771.
56
Calculate the remainder when 120129 is divided by 616.
9
Calculate the remainder when 499 is divided by 148.
55
What is the remainder when 1275759 is divided by 46?
41
What is the remainder when 3635 is divided by 123?
68
Calculate the remainder when 4921 is divided by 487.
51
What is the remainder when 2050 is divided by 1552?
498
What is the remainder when 105325 is divided by 7?
3
Calculate the remainder when 25366 is divided by 939.
13
What is the remainder when 62474 is divided by 51?
50
What is the remainder when 4367 is divided by 2183?
1
Calculate the remainder when 222033 is divided by 108.
93
Calculate the remainder when 17022 is divided by 5651.
69
Calculate the remainder when 7693 is divided by 77.
70
Calculate the remainder when 9292 is divided by 133.
115
Calculate the remainder when 5270 is divided by 8.
6
Calculate the remainder when 27706 is divided by 12.
10
What is the remainder when 15896 is divided by 3928?
184
Calculate the remainder when 1319 is divided by 1117.
202
Calculate the remainder when 575091 is divided by 38.
37
What is the remainder when 9162 is divided by 262?
254
Calculate the remainder when 11027 is divided by 51.
11
Calculate the remainder when 970 is divided by 460.
50
Calculate the remainder when 2743397 is divided by 18.
17
Calculate the remainder when 57337 is divided by 28656.
25
What is the remainder when 24884 is divided by 2415?
734
What is the remainder when 16241 is divided by 84?
29
Calculate the remainder when 10950 is divided by 10840.
110
What is the remainder when 63803 is divided by 185?
163
What is the remainder when 1850 is divided by 10?
0
What is the remainder when 40142 is divided by 7?
4
What is the remainder when 1245 is divided by 1232?
13
What is the remainder when 17656 is divided by 610?
576
What is the remainder when 785102 is divided by 15702?
2
What is the remainder when 21219 is divided by 10553?
113
Calculate the remainder when 66 is divided by 12.
6
Calculate the remainder when 15195 is divided by 3786.
51
Calculate the remainder when 722 is divided by 483.
239
Calculate the remainder when 1699 is divided by 1692.
7
Calculate the remainder when 10895 is divided by 573.
8
Calculate the remainder when 41733 is divided by 20823.
87
What is the remainder when 53188 is divided by 69?
58
What is the remainder when 9982 is divided by 30?
22
Calculate the remainder when 18025 is divided by 1169.
490
What is the remainder when 53018 is divided by 269?
25
Calculate the remainder when 419499 is divided by 6.
3
What is the remainder when 79658 is divided by 213?
209
Calculate the remainder when 3108 is divided by 460.
348
What is the remainder when 67558 is divided by 30?
28
What is the remainder when 2851 is divided by 808?
427
Calculate the remainder when 17293 is divided by 134.
7
Calculate the remainder when 18933 is divided by 9255.
423
Calculate the remainder when 100414 is divided by 61.
8
Calculate the remainder when 185502 is divided by 341.
339
What is the remainder when 9501 is divided by 17?
15
Calculate the remainder when 35194 is divided by 7.
5
Calculate the remainder when 8308 is divided by 99.
91
What is the remainder when 157989 is divided by 348?
345
What is the remainder when 996 is divided by 107?
33
What is the remainder when 145772 is divided by 343?
340
Calculate the remainder when 2419 is divided by 196.
67
Calculate the remainder when 64114 is divided by 4931.
11
What is the remainder when 79109 is divided by 72?
53
What is the remainder when 7460 is divided by 3553?
354
Calculate the remainder when 21601 is divided by 2400.
1
Calculate the